. Determine m(i).
-18
Let u(h) = 2*h**2 - 18*h + 3. Suppose 2*s = -5*w - s + 353, -2*s + 211 = 3*w. Suppose w = 7*r + 10. What is u(r)?
3
Let l(d) = -2*d + 26. Let m be l(12). Suppose -4*o + m*s = -72, 7 = o + 4*s - 20. Suppose -o = -5*t + 6. Let c(u) = u**3 - 5*u**2 + 6. What is c(t)?
6
Let c(h) = 19*h**2 - 11*h - 48. Let j(z) = 3*z**2 + z - 3. Let g(k) = -c(k) + 6*j(k). What is g(18)?
12
Let c(s) be the third derivative of s**6/120 - s**5/60 + s**3/3 + s**2. Suppose 0 = -780*m - 505*m + 141*m + 4 - 4. What is c(m)?
2
Let s(m) = m - 24. Let c be s(18). Let p(a) be the second derivative of 1/2*a**2 + 7*a + 0 - 1/6*a**3. Determine p(c).
7
Let d(y) = -y**3 - 22*y**2 - 55*y + 34. Let i be d(-19). Let t(p) = p**2 + 21*p + 70. Determine t(i).
2
Let f(u) be the second derivative of u**5/20 + u**4/3 + 2*u**3/3 - 2*u**2 + 1607*u. Let h = -2 - 1. Calculate f(h).
-7
Let g(f) = -f**2 - 16*f + 21. Suppose 2*u + 4*q = -30, 3*q = 24*u - 20*u + 71. Calculate g(u).
4
Let w(a) = -2*a**2 + 140*a + 286. Suppose 0 = 30*m + 5847 - 5787. Calculate w(m).
-2
Let q(c) be the first derivative of c**4/4 + 10*c**3 + 31*c**2/2 + 55*c + 666. Calculate q(-29).
-3
Let b = 320 - 6. Let z(g) = -2*g + 4*g - 299*g**2 - 1 - 2*g + b*g**2. What is z(1)?
14
Let k(g) = -6*g**2 - 45*g + 25. Let o(a) = -a**2 - 9*a + 5. Let h(w) = -2*k(w) + 11*o(w). Suppose -9902 = -6*z - 9854. What is h(z)?
-3
Let c(d) = -d**2 - 2*d + 1 - d + 2*d**2 - 4*d. Let f = 9185 - 9179. Determine c(f).
-5
Let n be 14/(-8) + 2 + (-35)/(4900/3255). Let b(m) = 2*m**2 + 55*m + 192. Calculate b(n).
-15
Suppose -4*t = -k - 2*t + 12, 0 = 3*k + 3*t - 45. Let r(h) = -h**3 + 15*h**2 - 14*h - 18. Calculate r(k).
-18
Suppose -17*i - 103 = -35. Let m(s) = -9*s - 8. Let q(w) = -2. Let b(k) = i*q(k) + m(k). What is b(-1)?
9
Let f(t) be the first derivative of -t**4/4 + 3*t**3 + 5*t - 762. Let x be 4/(-6) + (-65)/(-3). Suppose x = 3*s - 6. Give f(s).
5
Let z(n) = n - 26347 - 26349 + 52701. Let o = 3 - 11. Determine z(o).
-3
Let o(x) = 5*x**2 - 6*x - 1. Let d(a) = 2*a**2 - 2*a - 1. Let u(n) = -7*d(n) + 3*o(n). Suppose 3*s + s = -76. Let g = -14 - s. Determine u(g).
9
Let w be (-4997)/(-1052) - (27/(-36) - (-2)/4). Let j(l) = -16*l**2 + 79*l + 12. Give j(w).
7
Let t(x) = -x + 4. Let z be -3*(-58)/45 + 10/75. Suppose 0 = -z*k - 4*k - 328. Let h = -38 - k. Give t(h).
1
Let k(o) = -o**2 - 8*o - 8. Let i = 2 + -10. Let z = i + 11. Suppose -z = t + 2*u, -t - 3*u - 15 = 2*t. What is k(t)?
-1
Let m(l) = -l**3 + 4*l**2 + 5*l + 7. Let f be (28/(-12))/7*-6. Suppose f*r = 3*q - 21, -3*r = q - 28 + 32. Give m(q).
7
Let n(y) = -y**2 + 5*y - 7. Let a(x) = -7*x**2 - 6*x + 101. Let f be a(7). Let p = f - -291. Calculate n(p).
-21
Let o(w) = 6*w - 51. Let q(x) be the third derivative of -x**4/24 + 5*x**3/3 - 213*x**2. Let y(a) = 2*o(a) + 11*q(a). What is y(-3)?
5
Let u(a) = 15*a - 8. Let k = -36 + 30. Let p be ((-3)/9)/(1/21). Let t(v) = -13*v + 7. Let g(w) = k*u(w) + p*t(w). Give g(-10).
-11
Let z(o) = -15*o + 44. Let u(q) = 7*q - 22. Let x(d) = -13*u(d) - 6*z(d). Suppose -45 = -3*l - c, -43*l + 46*l - 3*c - 57 = 0. What is x(l)?
6
Let l(y) = -y**3 + 16*y**2 - 6. Let h be 448/21*18/24. Give l(h).
-6
Suppose -71*j + 2 = -67*j - 3*c, -14 = -4*j + c. Let t(b) = -b**3 + 9*b**2 - 20*b + 3. Determine t(j).
3
Let l(h) = h + 3. Let r(f) = -7*f + 152. Let s be r(21). Suppose q = -s*p + 29, p + 2 = 3*q - p. Determine l(q).
7
Let g(x) be the third derivative of x**4/24 + 2*x**3/3 + 51*x**2 + 17. Suppose -3*h - 15 = -6. What is g(h)?
1
Let y(t) = t**3 + t**2 + t - 5. Let q(z) = 22*z**3 + 22*z**2 + 26*z - 117. Let w(i) = q(i) - 23*y(i). Suppose 0*p - 6 = 2*p. Determine w(p).
7
Let r = -25058 + 25043. Let f(t) = t**2 + 10*t - 72. Calculate f(r).
3
Suppose 0 = 3*c + 2*c + 900. Let k = 181 + c. Let g(w) = -11*w + 1. What is g(k)?
-10
Let n(v) be the second derivative of 7*v**3/6 + 49*v**2/2 + 3536*v. Calculate n(-11).
-28
Let v(h) = -469*h - 482. Let y be v(-1). Let o(l) = 6*l + 21. Calculate o(y).
-57
Let h(k) = 4*k - 90. Let r(y) = -y**3 - 39*y**2 - 308*y + 14. Let t be r(-11). Calculate h(t).
-34
Let t be ((-8)/12)/((-8)/24). Let j(v) = -25 - 6*v + t*v**2 - 24 + 43. Give j(5).
14
Let q(g) = -5*g + 0*g + 10*g + 2*g - 1 + 37260*g**2 - 37259*g**2. Let c be 1*0/(-2 + 4). Suppose 3*b - 2*l + 4 + 1 = c, -3*b - 2*l = 25. Give q(b).
-11
Let l be ((-46)/(-4) - -1)*(-14 - -10). Let f be ((-225)/l)/((-12)/16). Let p(t) = -3*t + 1. Determine p(f).
19
Let p(m) = m**2 - 6*m + 3. Let x be (8 + (-216)/30)*5. Suppose 4*i - 12 = -c + 9, -3*i = x*c - 19. Give p(i).
-2
Let f(w) = -7*w**2 - w + 8. Let v(u) = 20*u**2 + 3*u - 23. Let q(y) = 17*f(y) + 6*v(y). Let t = 4457 + -4454. What is q(t)?
10
Let s(k) be the third derivative of -k**4/24 - k**3/3 - k**2. Suppose 0*h + 2*h - 4 = -2*f, 4*h = 3*f - 27. Calculate s(f).
-7
Let v(q) be the third derivative of -2*q**4/3 + 2*q**3/3 + 36*q**2. Let i(m) = -9*m + 2. Let h(f) = 5*i(f) - 3*v(f). Determine h(5).
13
Suppose -33*f + 2*r + 17 = -32*f, 2*f - 3*r = 28. Let l(o) = 34*o - 175. What is l(f)?
-5
Let f(v) = -98*v**2 + 35*v + 22. Let h(c) = 278*c**2 - 103*c - 66. Let s(z) = 17*f(z) + 6*h(z). Calculate s(12).
-10
Let g be 8*(3/(-6) + 1). Let d = -692 - -713. Suppose -5*q - g*l = 30, 4*l + d - 7 = 3*q. Let s(k) = k**2 - 2*k. Determine s(q).
8
Let h(u) be the second derivative of -u**4/12 + 3*u**3/2 + 6*u**2 - 1477*u. What is h(9)?
12
Let i(x) = 4*x + 25. Let q be 1*((-540)/(-9))/(-5). What is i(q)?
-23
Let t(m) = -m**2 - 3*m + 5. Let w(p) = -p**3 - 11*p**2 - p - 9. Let q be (-2 + 0 - -5) + -14. Let v be w(q). Give t(v).
-5
Let f be (-39 + -1)*3/(-6)*(-14)/(-56). Let i(m) = m**3 - 5*m**2 + m + 12. Calculate i(f).
17
Let r(q) be the third derivative of 0 - 11/6*q**3 + 8*q**2 - q + 1/60*q**5 - 3/8*q**4. Determine r(8).
-19
Suppose 5*l + 2 - 12 = 0. Let b(a) = 0*a**l - a**2 - 418*a - 7 + 141*a + 139*a + 141*a. Calculate b(6).
-25
Let d(k) be the first derivative of k**4/4 + 17*k**3 + 55*k**2/2 + 253*k - 2009. What is d(-50)?
3
Let m = 6 - 5. Let o(n) be the third derivative of -3*n**5/10 + 6*n**2 - 1. Give o(m).
-18
Let c = 35 + -46. Let r(w) = -2*w**3 + 11*w**2 - w + 11. Let o(a) = -3*a**3 + 22*a**2 - 2*a + 21. Let p(l) = -3*o(l) + 5*r(l). Calculate p(c).
-19
Suppose 23 - 106 = -4*j + k, -4*j - 2*k = -86. Suppose -9*z + j*z - 24 = 0. Let l(b) = -3*b - 1. Calculate l(z).
-7
Let x(j) = -2 - 3*j**2 - 4*j**3 - j + 6 - 9*j**3. Let n(y) = -11*y**3 - 3*y**2 - y + 3. Let q(k) = -6*n(k) + 5*x(k). Determine q(-2).
4
Let n(p) = p**3 - 6*p**2 - 4*p - 2. Let b be (-137)/(-2) + 14/4 + -3. Let x be 3 - b/(-18) - 5/(-30). Calculate n(x).
19
Let o(z) = -10*z + 179 + 16*z - z**2 - 12*z - 6*z - 39. What is o(-19)?
7
Suppose 13 = 5*u - 12. Let j(r) = 1 - 3*r - u + 0*r + 2*r. Suppose -x - 3*v - 32 = 4*x, 4*x = 4*v. Determine j(x).
0
Let q(l) be the third derivative of 7*l**6/720 + l**5/40 + l**4/8 - 10*l**3/3 + 158*l**2. Let y(w) be the second derivative of q(w). Determine y(-3).
-18
Let x(m) = -m - 1. Suppose -v - 538 = -o, 2*o - v - 1094 = -5*v. Let u = o + -537. What is x(u)?
-5
Let d(m) = 42*m - 20*m - 21*m - 19*m + 21. Let g = -10 + 13. Let u(c) = -c + 1. Let a(w) = g*d(w) - 63*u(w). Determine a(2).
18
Let s = 13301 - 13297. Let k(p) = 3*p**2 - 3*p + 11. Determine k(s).
47
Let d(i) = 8*i + 93. Suppose -2*c - q - 13 = -c, 63 = -5*c - 4*q. Let x be d(c). Let l(v) = -5*v - 2*v**2 + 3*v**2 - 119 + 119. What is l(x)?
0
Let n be (-8)/(-12) - (40/6 + 3). Let m(u) be the third derivative of -u**6/120 - 2*u**5/15 + 7*u**4/24 + u**3/6 + 5*u**2. Calculate m(n).
19
Let u(i) = 10*i + 53. Suppose -19 = 2*z + 3*c, 3*z + 5*c - 9*c + 3 = 0. What is u(z)?
3
Let u = -6 + 3. Let m(a) be the third derivative of 1/120*a**6 + 1/12*a**5 + 0 + 1/8*a**4 - 33*a**2 + 0*a - 2/3*a**3. Give m(u).
5
Let c = 407 + -329. Let k = c - 86. Let l(z) = -z**3 - 9*z**2 - 8*z + 7. Calculate l(k).
7
Let g(n) = -14*n - 23*n - 6*n + 52*n - 76. Determine g(8).
-4
Let n(j) = -j + 31 + 29 - 39 + 2*j. Let s be n(-21). Let f(u) = u - 4. What is f(s)?
-4
Let t(u) = -796*u - u**2 + 8 + 411*u + 6 + 393*u. What is t(8)?
14
Let u(n) be the first derivative of n**3 + n + 1. Let v(s) = 460*s + s**2 - 14 - 8 - 464*s. Let j be v(-3). What is u(j)?
4
Let y(t) be the third derivative of -1/2*t**3 + 35*t**2 + 5/